{"id":179,"date":"2023-08-31T10:25:32","date_gmt":"2023-08-31T10:25:32","guid":{"rendered":"https:\/\/a12comunicacion.com\/?page_id=179"},"modified":"2023-09-06T15:20:51","modified_gmt":"2023-09-06T15:20:51","slug":"contacto","status":"publish","type":"page","link":"https:\/\/a12comunicacion.com\/index.php\/contacto\/","title":{"rendered":"Contacto"},"content":{"rendered":"\t\t<div data-elementor-type=\"wp-page\" data-elementor-id=\"179\" class=\"elementor elementor-179\" data-elementor-post-type=\"page\">\n\t\t\t\t\t\t<section class=\"elementor-section elementor-top-section elementor-element elementor-element-2ea1663 elementor-section-full_width elementor-section-height-default elementor-section-height-default\" data-id=\"2ea1663\" data-element_type=\"section\">\n\t\t\t\t\t\t<div class=\"elementor-container elementor-column-gap-default\">\n\t\t\t\t\t<div class=\"elementor-column elementor-col-50 elementor-top-column elementor-element elementor-element-2e70632\" data-id=\"2e70632\" data-element_type=\"column\">\n\t\t\t<div class=\"elementor-widget-wrap elementor-element-populated\">\n\t\t\t\t\t\t<div class=\"elementor-element elementor-element-c08ed5b elementor-widget elementor-widget-heading\" data-id=\"c08ed5b\" data-element_type=\"widget\" data-widget_type=\"heading.default\">\n\t\t\t\t<div class=\"elementor-widget-container\">\n\t\t\t\t\t<h2 class=\"elementor-heading-title elementor-size-default\">Direcci\u00f3n:<\/h2>\t\t\t\t<\/div>\n\t\t\t\t<\/div>\n\t\t\t\t<div class=\"elementor-element elementor-element-137ab9f elementor-widget elementor-widget-heading\" data-id=\"137ab9f\" data-element_type=\"widget\" data-widget_type=\"heading.default\">\n\t\t\t\t<div class=\"elementor-widget-container\">\n\t\t\t\t\t<h2 class=\"elementor-heading-title elementor-size-default\">Calle Almoines, 3 puerta 8, 46018 Valencia<\/h2>\t\t\t\t<\/div>\n\t\t\t\t<\/div>\n\t\t\t\t<div class=\"elementor-element elementor-element-426697d elementor-widget elementor-widget-heading\" data-id=\"426697d\" data-element_type=\"widget\" data-widget_type=\"heading.default\">\n\t\t\t\t<div class=\"elementor-widget-container\">\n\t\t\t\t\t<h2 class=\"elementor-heading-title elementor-size-default\">Email:<\/h2>\t\t\t\t<\/div>\n\t\t\t\t<\/div>\n\t\t\t\t<div class=\"elementor-element elementor-element-b676d18 elementor-widget elementor-widget-heading\" data-id=\"b676d18\" data-element_type=\"widget\" data-widget_type=\"heading.default\">\n\t\t\t\t<div class=\"elementor-widget-container\">\n\t\t\t\t\t<h2 class=\"elementor-heading-title elementor-size-default\">info@a12comunicacion.com <\/h2>\t\t\t\t<\/div>\n\t\t\t\t<\/div>\n\t\t\t\t<div class=\"elementor-element elementor-element-ba454cb elementor-widget elementor-widget-heading\" data-id=\"ba454cb\" data-element_type=\"widget\" data-widget_type=\"heading.default\">\n\t\t\t\t<div class=\"elementor-widget-container\">\n\t\t\t\t\t<h2 class=\"elementor-heading-title elementor-size-default\">Tel\u00e9fono:<\/h2>\t\t\t\t<\/div>\n\t\t\t\t<\/div>\n\t\t\t\t<div class=\"elementor-element elementor-element-0e2f3a7 elementor-widget elementor-widget-heading\" data-id=\"0e2f3a7\" data-element_type=\"widget\" data-widget_type=\"heading.default\">\n\t\t\t\t<div class=\"elementor-widget-container\">\n\t\t\t\t\t<h2 class=\"elementor-heading-title elementor-size-default\">678452203<\/h2>\t\t\t\t<\/div>\n\t\t\t\t<\/div>\n\t\t\t\t\t<\/div>\n\t\t<\/div>\n\t\t\t\t<div class=\"elementor-column elementor-col-50 elementor-top-column elementor-element elementor-element-0fc5723\" data-id=\"0fc5723\" data-element_type=\"column\">\n\t\t\t<div class=\"elementor-widget-wrap elementor-element-populated\">\n\t\t\t\t\t\t<div class=\"elementor-element elementor-element-7b8fdb1 elementor-widget elementor-widget-google_maps\" data-id=\"7b8fdb1\" data-element_type=\"widget\" data-widget_type=\"google_maps.default\">\n\t\t\t\t<div class=\"elementor-widget-container\">\n\t\t\t\t\t\t\t<div class=\"elementor-custom-embed\">\n\t\t\t<iframe loading=\"lazy\"\n\t\t\t\t\tsrc=\"https:\/\/maps.google.com\/maps?q=Calle%20Almoines%2C%203%20puerta%208%2C%2046018%20Valencia&#038;t=m&#038;z=18&#038;output=embed&#038;iwloc=near\"\n\t\t\t\t\ttitle=\"Calle Almoines, 3 puerta 8, 46018 Valencia\"\n\t\t\t\t\taria-label=\"Calle Almoines, 3 puerta 8, 46018 Valencia\"\n\t\t\t><\/iframe>\n\t\t<\/div>\n\t\t\t\t\t\t<\/div>\n\t\t\t\t<\/div>\n\t\t\t\t\t<\/div>\n\t\t<\/div>\n\t\t\t\t\t<\/div>\n\t\t<\/section>\n\t\t\t\t<\/div>\n\t\t","protected":false},"excerpt":{"rendered":"<p>Direcci\u00f3n: Calle Almoines, 3 puerta 8, 46018 Valencia Email: info@a12comunicacion.com Tel\u00e9fono: 678452203<\/p>\n","protected":false},"author":1,"featured_media":0,"parent":0,"menu_order":0,"comment_status":"closed","ping_status":"closed","template":"","meta":{"footnotes":""},"class_list":["post-179","page","type-page","status-publish","hentry"],"yoast_head":"<!-- This site is optimized with the Yoast SEO plugin v26.3 - https:\/\/yoast.com\/wordpress\/plugins\/seo\/ -->\n<title>Contacto - A12 Comunicaci\u00f3n<\/title>\n<meta name=\"robots\" content=\"index, follow, max-snippet:-1, max-image-preview:large, max-video-preview:-1\" \/>\n<link rel=\"canonical\" href=\"https:\/\/a12comunicacion.com\/index.php\/contacto\/\" \/>\n<meta property=\"og:locale\" content=\"es_ES\" \/>\n<meta property=\"og:type\" content=\"article\" \/>\n<meta property=\"og:title\" content=\"Contacto - A12 Comunicaci\u00f3n\" \/>\n<meta property=\"og:description\" content=\"Direcci\u00f3n: Calle Almoines, 3 puerta 8, 46018 Valencia Email: info@a12comunicacion.com Tel\u00e9fono: 678452203\" \/>\n<meta property=\"og:url\" content=\"https:\/\/a12comunicacion.com\/index.php\/contacto\/\" \/>\n<meta property=\"og:site_name\" content=\"A12 Comunicaci\u00f3n\" \/>\n<meta property=\"article:modified_time\" content=\"2023-09-06T15:20:51+00:00\" \/>\n<meta name=\"twitter:card\" content=\"summary_large_image\" \/>\n<meta name=\"twitter:label1\" content=\"Tiempo de lectura\" \/>\n\t<meta name=\"twitter:data1\" content=\"1 minuto\" \/>\n<script type=\"application\/ld+json\" class=\"yoast-schema-graph\">{\"@context\":\"https:\/\/schema.org\",\"@graph\":[{\"@type\":\"WebPage\",\"@id\":\"https:\/\/a12comunicacion.com\/index.php\/contacto\/\",\"url\":\"https:\/\/a12comunicacion.com\/index.php\/contacto\/\",\"name\":\"Contacto - A12 Comunicaci\u00f3n\",\"isPartOf\":{\"@id\":\"https:\/\/a12comunicacion.com\/#website\"},\"datePublished\":\"2023-08-31T10:25:32+00:00\",\"dateModified\":\"2023-09-06T15:20:51+00:00\",\"inLanguage\":\"es\",\"potentialAction\":[{\"@type\":\"ReadAction\",\"target\":[\"https:\/\/a12comunicacion.com\/index.php\/contacto\/\"]}]},{\"@type\":\"WebSite\",\"@id\":\"https:\/\/a12comunicacion.com\/#website\",\"url\":\"https:\/\/a12comunicacion.com\/\",\"name\":\"A12 Comunicaci\u00f3n\",\"description\":\"\",\"publisher\":{\"@id\":\"https:\/\/a12comunicacion.com\/#organization\"},\"potentialAction\":[{\"@type\":\"SearchAction\",\"target\":{\"@type\":\"EntryPoint\",\"urlTemplate\":\"https:\/\/a12comunicacion.com\/?s={search_term_string}\"},\"query-input\":{\"@type\":\"PropertyValueSpecification\",\"valueRequired\":true,\"valueName\":\"search_term_string\"}}],\"inLanguage\":\"es\"},{\"@type\":\"Organization\",\"@id\":\"https:\/\/a12comunicacion.com\/#organization\",\"name\":\"A12 Comunicaci\u00f3n\",\"url\":\"https:\/\/a12comunicacion.com\/\",\"logo\":{\"@type\":\"ImageObject\",\"inLanguage\":\"es\",\"@id\":\"https:\/\/a12comunicacion.com\/#\/schema\/logo\/image\/\",\"url\":\"https:\/\/a12comunicacion.com\/wp-content\/uploads\/2023\/08\/logo.png\",\"contentUrl\":\"https:\/\/a12comunicacion.com\/wp-content\/uploads\/2023\/08\/logo.png\",\"width\":500,\"height\":353,\"caption\":\"A12 Comunicaci\u00f3n\"},\"image\":{\"@id\":\"https:\/\/a12comunicacion.com\/#\/schema\/logo\/image\/\"}}]}<\/script>\n<!-- \/ Yoast SEO plugin. -->","yoast_head_json":{"title":"Contacto - A12 Comunicaci\u00f3n","robots":{"index":"index","follow":"follow","max-snippet":"max-snippet:-1","max-image-preview":"max-image-preview:large","max-video-preview":"max-video-preview:-1"},"canonical":"https:\/\/a12comunicacion.com\/index.php\/contacto\/","og_locale":"es_ES","og_type":"article","og_title":"Contacto - A12 Comunicaci\u00f3n","og_description":"Direcci\u00f3n: Calle Almoines, 3 puerta 8, 46018 Valencia Email: info@a12comunicacion.com Tel\u00e9fono: 678452203","og_url":"https:\/\/a12comunicacion.com\/index.php\/contacto\/","og_site_name":"A12 Comunicaci\u00f3n","article_modified_time":"2023-09-06T15:20:51+00:00","twitter_card":"summary_large_image","twitter_misc":{"Tiempo de lectura":"1 minuto"},"schema":{"@context":"https:\/\/schema.org","@graph":[{"@type":"WebPage","@id":"https:\/\/a12comunicacion.com\/index.php\/contacto\/","url":"https:\/\/a12comunicacion.com\/index.php\/contacto\/","name":"Contacto - A12 Comunicaci\u00f3n","isPartOf":{"@id":"https:\/\/a12comunicacion.com\/#website"},"datePublished":"2023-08-31T10:25:32+00:00","dateModified":"2023-09-06T15:20:51+00:00","inLanguage":"es","potentialAction":[{"@type":"ReadAction","target":["https:\/\/a12comunicacion.com\/index.php\/contacto\/"]}]},{"@type":"WebSite","@id":"https:\/\/a12comunicacion.com\/#website","url":"https:\/\/a12comunicacion.com\/","name":"A12 Comunicaci\u00f3n","description":"","publisher":{"@id":"https:\/\/a12comunicacion.com\/#organization"},"potentialAction":[{"@type":"SearchAction","target":{"@type":"EntryPoint","urlTemplate":"https:\/\/a12comunicacion.com\/?s={search_term_string}"},"query-input":{"@type":"PropertyValueSpecification","valueRequired":true,"valueName":"search_term_string"}}],"inLanguage":"es"},{"@type":"Organization","@id":"https:\/\/a12comunicacion.com\/#organization","name":"A12 Comunicaci\u00f3n","url":"https:\/\/a12comunicacion.com\/","logo":{"@type":"ImageObject","inLanguage":"es","@id":"https:\/\/a12comunicacion.com\/#\/schema\/logo\/image\/","url":"https:\/\/a12comunicacion.com\/wp-content\/uploads\/2023\/08\/logo.png","contentUrl":"https:\/\/a12comunicacion.com\/wp-content\/uploads\/2023\/08\/logo.png","width":500,"height":353,"caption":"A12 Comunicaci\u00f3n"},"image":{"@id":"https:\/\/a12comunicacion.com\/#\/schema\/logo\/image\/"}}]}},"_links":{"self":[{"href":"https:\/\/a12comunicacion.com\/index.php\/wp-json\/wp\/v2\/pages\/179","targetHints":{"allow":["GET"]}}],"collection":[{"href":"https:\/\/a12comunicacion.com\/index.php\/wp-json\/wp\/v2\/pages"}],"about":[{"href":"https:\/\/a12comunicacion.com\/index.php\/wp-json\/wp\/v2\/types\/page"}],"author":[{"embeddable":true,"href":"https:\/\/a12comunicacion.com\/index.php\/wp-json\/wp\/v2\/users\/1"}],"replies":[{"embeddable":true,"href":"https:\/\/a12comunicacion.com\/index.php\/wp-json\/wp\/v2\/comments?post=179"}],"version-history":[{"count":7,"href":"https:\/\/a12comunicacion.com\/index.php\/wp-json\/wp\/v2\/pages\/179\/revisions"}],"predecessor-version":[{"id":241,"href":"https:\/\/a12comunicacion.com\/index.php\/wp-json\/wp\/v2\/pages\/179\/revisions\/241"}],"wp:attachment":[{"href":"https:\/\/a12comunicacion.com\/index.php\/wp-json\/wp\/v2\/media?parent=179"}],"curies":[{"name":"wp","href":"https:\/\/api.w.org\/{rel}","templated":true}]}}